eatest common divisor of z and a.
8
Let d be ((-18)/(-4) - 2)/(14/28). Let k be ((-118)/(-295))/((-2)/(-5)). Calculate the highest common factor of k and d.
1
Let w = 37 - 17. Suppose 0 = -1269*a + 2458 + 48302. Calculate the highest common factor of w and a.
20
Let s = -11731 - -11739. Calculate the greatest common divisor of s and 1352.
8
Let b = -2868 - -2960. Calculate the highest common factor of 88 and b.
4
Let q be (15/12)/((-10)/(-40)). Suppose -2*r = 3*h - 641, q*h + 10*r = 6*r + 1065. Calculate the highest common factor of 62 and h.
31
Let i = 731 + -716. Let t = -137 - -332. Calculate the greatest common factor of i and t.
15
Suppose 139685 - 191067 = -26*b + 359288. What is the highest common divisor of 702 and b?
351
Suppose 158*v = 371719 + 18857. What is the greatest common divisor of v and 6?
6
Let f(v) = 13*v + 1235. Let k be f(-90). What is the highest common factor of 3484 and k?
13
Suppose 3*i = 119 + 7. Suppose 0 = 73*m - 8022 - 3220. What is the highest common divisor of m and i?
14
Let a(k) = 3*k - 30. Let v(f) = f**2 + 7*f - 60. Let p(i) = -5*a(i) + 3*v(i). Let t be p(-5). What is the highest common divisor of t and 255?
15
Let l(c) = 16*c + 3. Let s be l(6). Let f = -80 + -8. Let d be f/20*(-4)/((-16)/(-10)). What is the highest common factor of s and d?
11
Suppose -15*y + 11*y = -4*c - 1496, -5*c = -2*y + 760. Calculate the greatest common factor of 620 and y.
10
Let t be 1/(-5) + (-171)/95. Let b(w) = 53*w**2 - w + 1. Let f be b(t). Let v = f + -117. Calculate the highest common divisor of 14 and v.
14
Suppose -2*x - 2*v + 9 = -x, 0 = -4*x - 5*v + 21. Let c be (19 - 11)*x/(-2). Let n be (-4)/(-2) + 41 - -1. What is the greatest common divisor of c and n?
4
Suppose 0 = -23*r - 0*r + 2484. Calculate the highest common factor of 204 and r.
12
Let t = -366 + 370. Suppose -t*g = -2*g - 5*v - 54, 4*g + 2*v - 84 = 0. What is the highest common factor of 209 and g?
11
Let m(r) = r**3 + 42*r**2 + 408*r + 60. Let i be m(-25). What is the greatest common factor of 1552 and i?
97
Let y(o) = -5*o + 4. Let i be y(1). Let m be 24*(i/2)/((-6)/4). Suppose 3*f = m*f - 2*u - 65, 2*u = 0. What is the greatest common factor of 130 and f?
13
Let c be -4*4/(-80) + 9/5. Suppose 3*y - 16 = 14. Let a be y/(-4)*(-40)/25. Calculate the greatest common factor of c and a.
2
Suppose -5*y - 5*d = -y - 3773, 0 = y + 4*d - 924. What is the highest common divisor of y and 119?
119
Suppose -5*y + 2*j + 3*j = -330, -3*y - j = -194. Suppose 9*u + 5*q = 8*u + y, -3*u = 3*q - 219. Calculate the highest common divisor of 150 and u.
75
Let k be ((-14)/4)/((-5)/10). Let y(c) = -25*c - 148. Let r be y(-9). What is the greatest common divisor of r and k?
7
Suppose -3*g - 2*o = 1109, -1845 = 5*g + 24*o - 19*o. Let j = -357 - g. What is the greatest common factor of 406 and j?
14
Let t(r) = -r - 10. Let c(k) = k + 9. Let d(s) = -5*c(s) - 4*t(s). Let i be d(-10). Suppose i*g + g - 72 = 0. What is the highest common factor of g and 120?
12
Let r(x) = 2*x**2 + 39*x + 170. Let t be r(-29). Let s = -646 + t. What is the greatest common divisor of s and 125?
25
Let s(b) = -159*b - 2104. Let m be s(-14). Calculate the greatest common factor of 5551 and m.
61
Suppose -52*p = 3115 - 10551. Let u(g) = -3*g**3 - 4*g**2 - 4*g - 5. Let q be u(-3). What is the greatest common factor of q and p?
13
Let j(b) = b**2 - 2*b + 6. Let s be (-150)/(-39) - (-4)/26. Let p be j(s). What is the greatest common divisor of p and 154?
14
Let p = -7927 - -8572. What is the greatest common divisor of p and 430?
215
Let f(w) = -w**2 - 24*w + 1164. Let t be f(-48). Let j = 11 + -8. Suppose 0 = u - j*a - 20 - 19, 0 = 4*a + 20. Calculate the highest common divisor of u and t.
12
Let t(r) = r**2 + 1. Let p(o) = 4*o**2 - o - 6. Let g(l) = -p(l) + 6*t(l). Let h be g(6). Calculate the highest common divisor of h and 120.
30
Let x = 612 - 284. Let w = -218 + x. Suppose -3*m + 0*m + 30 = 0. Calculate the greatest common factor of m and w.
10
Suppose 2 = 5*b + 4*h, -3*h - 47 + 45 = 2*b. Let p be 49/((-3 + 4)/b). What is the highest common factor of p and 28?
14
Let b be 116/2 + (2 - 0 - 0). Let t(s) = -s**3 + 9*s**2 + 4*s - 11. Let w be t(9). Let y = -13 + w. Calculate the highest common factor of y and b.
12
Suppose -475*u - 29260 = -585*u. Calculate the highest common divisor of 50008 and u.
266
Let o = -9328 - -14306. What is the greatest common divisor of 114 and o?
38
Suppose -202 + 223 = -7*s. Let a be ((-75)/(-200))/(s + (-25)/(-8)). Calculate the greatest common factor of 33 and a.
3
Let j(q) = q**3 + 24*q**2 + 71*q - 6. Let h be j(-11). Calculate the greatest common factor of h and 12.
6
Let k = -2896 - -2962. What is the greatest common factor of k and 4620?
66
Let f = -1409 + 1850. Calculate the highest common factor of 189 and f.
63
Suppose 3*p - 33 = -5*b, -2*p + p = -2*b. Let t be (p + -82)*(3 + -2)*-1. What is the highest common factor of t and 342?
38
Suppose 28*o - 9*o + 342 = 0. Let j be 11532/27 - (-2)/o. Calculate the greatest common divisor of 61 and j.
61
Suppose 655*r - 662*r = -399. What is the highest common divisor of 38 and r?
19
Let g(u) = -6*u + 271. Let m be g(42). Let r(y) = 22*y**3 + y**2 - 5*y + 1. Let p be r(2). Calculate the greatest common divisor of p and m.
19
Suppose -2*r = 5*n - 9, 1 = 5*n - r - 2. Suppose 0 = -43*t + 56*t - 91. What is the greatest common divisor of n and t?
1
Suppose -550*h = -564*h + 1568. Calculate the highest common divisor of 574 and h.
14
Suppose -21*n + 10*n + 528 = 0. Let m = 60 - 24. Calculate the greatest common divisor of m and n.
12
Let g be 1 + -1 - 2 - -13. Let c(q) = -906*q + 4563. Let n be c(5). What is the greatest common divisor of g and n?
11
Let x be (-28)/(-28)*-2*(-19)/2. Let q(i) = 2*i**2 - i - 1. Let y be q(2). Let a = y + x. What is the highest common divisor of 6 and a?
6
Let n(c) = 20*c. Let p be n(3). Suppose -t = 2*t - p. Let v(g) = -2*g**2 - 204*g + 11826. Let h be v(-143). Calculate the greatest common divisor of t and h.
20
Let o be 10 - 1 - 225/(-15). What is the highest common factor of o and 824?
8
Suppose 8574*k - 4554 = 8568*k. What is the greatest common factor of k and 828?
69
Suppose 22*t + 39 = 35*t. Calculate the highest common factor of 573 and t.
3
Let i(k) = k**3 + 15*k**2 + 34*k - 12. Let c be i(-11). Suppose 7*b = 343 + c. Calculate the highest common factor of b and 18.
9
Suppose -36*f - 1658 = -3*h - 34*f, -4*h + 3*f + 2211 = 0. What is the greatest common divisor of h and 354?
6
Let k be -4 - (-39)/9 - 10/3. Let x be ((-5)/k*10)/((-45)/(-135)). What is the highest common factor of 20 and x?
10
Let j(i) = 4*i**2 - 53*i + 595. Let d be j(7). Let s be (-39)/(-4) + 4/16. Calculate the highest common factor of d and s.
10
Let v(k) = 1120*k**2 - 12*k + 3. Let t be v(-6). Let x be 60/(-27) + 2 - t/(-135). Calculate the greatest common divisor of 23 and x.
23
Let h(x) = -x**3 + 23*x**2 - 39*x - 20. Let k be h(20). Suppose -1368 - k = -17*n. What is the highest common divisor of n and 65?
13
Let s be 3/(-15) - 1024/(-20). Suppose -70 = -10*r + 100. Calculate the highest common divisor of s and r.
17
Let v = -95 + 119. Let n = -29 - -257. Let z = n - 132. What is the highest common factor of z and v?
24
Suppose y + 17 = 115*o - 120*o, 104 = 5*y - 2*o. Calculate the greatest common factor of y and 17478.
18
Let j(c) = 10*c**3 + c**2 - c - 1. Let u be j(-1). Let n = 11 + u. Let b be (1 - n)/1 - -27. Calculate the highest common factor of 13 and b.
13
Suppose -2*f - 5*d = -7*d - 46, 37 = 2*f + d. What is the greatest common divisor of f and 215?
5
Let g be (60/16)/(-5) + 15/(-12). Let d = 152 - g. Calculate the greatest common divisor of d and 22.
22
Let q(g) be the first derivative of -2*g**2 - 4*g - 17. Let k be q(-3). Suppose -k = -4*w, -2 = n - 0*n - 5*w. What is the highest common divisor of 8 and n?
8
Suppose -3*z = 3, -z - z = -3*w + 74. Suppose -7*n + 433 = 55. Calculate the highest common factor of n and w.
6
Suppose 5*w = -21*w + 1638. Suppose -w = -10*a + 77. Let l be 3/(3*(-3)/(-378)). Calculate the greatest common divisor of a and l.
14
Let l = -269 - -269. Suppose c + 4*h - 44 = -h, l = -5*c + h + 220. What is the greatest common factor of 176 and c?
44
Let c(v) = -94*v + 708. Let k be c(6). 